{"id":405,"date":"2024-10-24T11:46:36","date_gmt":"2024-10-24T11:46:36","guid":{"rendered":"https:\/\/hjss.mit-hosting01.dk\/?page_id=405"},"modified":"2024-10-24T13:12:39","modified_gmt":"2024-10-24T13:12:39","slug":"klaede-mol","status":"publish","type":"page","link":"https:\/\/hjss.mit-hosting01.dk\/index.php\/klaede-mol\/","title":{"rendered":"Kl\u00e6de m\u00f8l"},"content":{"rendered":"<div data-colibri-id=\"405-c1\" class=\"style-634 style-local-405-c1 position-relative\">\n  <!---->\n  <div data-colibri-component=\"section\" data-colibri-id=\"405-c2\" id=\"custom\" class=\"h-section h-section-global-spacing d-flex align-items-lg-center align-items-md-center align-items-center style-635 style-local-405-c2 position-relative\">\n    <!---->\n    <!---->\n    <div class=\"h-section-grid-container h-section-boxed-container\">\n      <!---->\n      <div data-colibri-id=\"405-c5\" class=\"h-row-container gutters-row-lg-2 gutters-row-md-2 gutters-row-0 gutters-row-v-lg-2 gutters-row-v-md-2 gutters-row-v-2 style-638 style-local-405-c5 position-relative\">\n        <!---->\n        <div class=\"h-row justify-content-lg-center justify-content-md-center justify-content-center align-items-lg-stretch align-items-md-stretch align-items-stretch gutters-col-lg-2 gutters-col-md-2 gutters-col-0 gutters-col-v-lg-2 gutters-col-v-md-2 gutters-col-v-2\">\n          <!---->\n          <div class=\"h-column h-column-container d-flex h-col-lg-auto h-col-md-auto h-col-auto style-639-outer style-local-405-c6-outer\">\n            <div data-colibri-id=\"405-c6\" class=\"d-flex h-flex-basis h-column__inner h-px-lg-2 h-px-md-2 h-px-2 v-inner-lg-2 v-inner-md-2 v-inner-2 style-639 style-local-405-c6 position-relative\">\n              <!---->\n              <!---->\n              <div class=\"w-100 h-y-container h-column__content h-column__v-align flex-basis-100 align-self-lg-start align-self-md-start align-self-start\">\n                <!---->\n                <div data-colibri-id=\"405-c7\" class=\"page-title style-640 style-local-405-c7 position-relative h-element\">\n                  <!---->\n                  <div class=\"h-page-title__outer style-640-outer style-local-405-c7-outer\">\n                    <div class=\"h-global-transition-all\"><span><h1 style='margin-bottom:0'>Kl\u00e6de m\u00f8l<\/h1><\/span><\/div>\n                  <\/div>\n                <\/div>\n              <\/div>\n            <\/div>\n          <\/div>\n        <\/div>\n      <\/div>\n      <div data-colibri-id=\"405-c3\" class=\"h-row-container gutters-row-lg-2 gutters-row-md-2 gutters-row-0 gutters-row-v-lg-2 gutters-row-v-md-2 gutters-row-v-2 style-636 style-local-405-c3 position-relative\">\n        <!---->\n        <div class=\"h-row justify-content-lg-center justify-content-md-center justify-content-center align-items-lg-stretch align-items-md-stretch align-items-stretch gutters-col-lg-2 gutters-col-md-2 gutters-col-0 gutters-col-v-lg-2 gutters-col-v-md-2 gutters-col-v-2\">\n          <!---->\n          <div class=\"h-column h-column-container d-flex h-col-lg-auto h-col-md-auto h-col-auto style-637-outer style-local-405-c4-outer\">\n            <div data-colibri-id=\"405-c4\" class=\"d-flex h-flex-basis h-column__inner h-px-lg-2 h-px-md-2 h-px-2 v-inner-lg-2 v-inner-md-2 v-inner-2 style-637 style-local-405-c4 position-relative\">\n              <!---->\n              <!---->\n              <div class=\"w-100 h-y-container h-column__content h-column__v-align flex-basis-100 align-self-lg-start align-self-md-start align-self-start\">\n                <!---->\n                <div data-colibri-id=\"405-c8\" class=\"h-text h-text-component style-641 style-local-405-c8 position-relative h-element\">\n                  <!---->\n                  <!---->\n                  <div class=\"\">\n                    <p><strong style=\"color: rgb(0, 0, 0); font-weight: 400; font-size: 20px; font-family: &quot;Quattrocento Sans&quot;, sans-serif;\">Kendetegn<\/strong>\n                      <br><span style=\"color: rgb(0, 0, 0); font-weight: 400; font-size: 20px; font-family: &quot;Quattrocento Sans&quot;, sans-serif;\">Kl\u00e6dem\u00f8l, kaldes ogs\u00e5 for tekstilm\u00f8l, er guld- eller kobberfarvede og er mellem 6-8 mm lange som voksne. De har et vingefang p\u00e5 8-10 mm og str\u00e5farvede vinger uden markeringer. Larverne er cremehvide med m\u00f8rkt hoved, og kan blive op til 8-10 mm lange.<\/span>\n                      <br><strong style=\"color: rgb(0, 0, 0); font-weight: 400; font-size: 20px; font-family: &quot;Quattrocento Sans&quot;, sans-serif;\">Biologi<\/strong><span style=\"color: rgb(0, 0, 0); font-weight: 400; font-size: 20px; font-family: &quot;Quattrocento Sans&quot;, sans-serif;\">&nbsp;<\/span>\n                      <br><span style=\"color: rgb(0, 0, 0); font-weight: 400; font-size: 20px; font-family: &quot;Quattrocento Sans&quot;, sans-serif;\">Hvis du opdager at du har huller i dit t\u00f8j er det ofte kl\u00e6dem\u00f8l der er p\u00e5 spil. Larverne lever af n\u00e6ringen der findes i tekstiler med l\u00f8se fibre. S\u00e5 b\u00e5de silke, uld og pelsv\u00e6rk er interessant for kl\u00e6dem\u00f8llets larver. S\u00e5 snart \u00e6ggene er udkl\u00e6kket, og larverne er fri, vil de hungre efter den n\u00e6ring, som kan findes i t\u00f8j, t\u00e6pper og lignende tekstiler.<\/span>\n                      <br><span style=\"color: rgb(0, 0, 0); font-weight: 400; font-size: 20px; font-family: &quot;Quattrocento Sans&quot;, sans-serif;\">Da de ikke er nemme at spotte, vil det typisk v\u00e6re mest almindeligt at opdage deres tilstedev\u00e6relse i form af de skader, de for\u00e5rsager. S\u00e5fremt du eksempelvis finder ud af, at visse tekstiler i dit hjem har f\u00e5et huller i sig, er der en god sandsynlighed for, at kl\u00e6dem\u00f8l st\u00e5r bag skaderne.&nbsp;Her er det vel og m\u00e6rke prim\u00e6rt et tegn p\u00e5 kl\u00e6dem\u00f8l, hvis tekstiloverfladen er h\u00f8vlet fint af og ikke bare gnavet direkte igennem. Kl\u00e6dem\u00f8llarver g\u00e5r netop mere stille og rolig til v\u00e6rks end lignende skadedyr ved at gnave p\u00e5 langs af tekstilfibrene.<\/span>\n                      <br><span style=\"color: rgb(0, 0, 0); font-weight: 400; font-size: 20px; font-family: &quot;Quattrocento Sans&quot;, sans-serif;\">De voksne kl\u00e6dem\u00f8l lever kun et par uger, men p\u00e5 den tid kan hver hun n\u00e5 at l\u00e6gge cirka 100 \u00e6g. \u00c6ggene kl\u00e6kkes i l\u00f8bet af 4-8 dage. N\u00e5r \u00e6gget er kl\u00e6kket, begynder kl\u00e6dem\u00f8llarven straks at spinde et r\u00f8r omkring sig.&nbsp;R\u00f8ret best\u00e5r af silke, og det er fastkl\u00e6bet til underlaget. Larven kan krybe frem og tilbage i r\u00f8ret, og n\u00e5r den har \u00e6dt, hvad der er inden for r\u00e6kkevidde, forl\u00e6nger larven spindet.<\/span>\n                      <br><span style=\"color: rgb(0, 0, 0); font-weight: 400; font-size: 20px; font-family: &quot;Quattrocento Sans&quot;, sans-serif;\">I mods\u00e6tning til pelsm\u00f8llet, der ogs\u00e5 spinder et r\u00f8r, sl\u00e6ber kl\u00e6dem\u00f8llet ikke rundt med sit r\u00f8r. Kl\u00e6dem\u00f8llarven forpupper sig i spindet. Kl\u00e6dem\u00f8llarvernes ekskrementer kan man finde sammen med spindetr\u00e5de p\u00e5 de steder, hvor larverne har gnavet. Ekskrementerne er bolleformede og har samme farve som det stof, larverne har levet af. Kan ses hele \u00e5ret, alt afh\u00e6ngigt af levested.<\/span>\n                      <br><strong style=\"color: rgb(0, 0, 0); font-weight: 400; font-size: 20px; font-family: &quot;Quattrocento Sans&quot;, sans-serif;\">Bek\u00e6mpelse<\/strong><span style=\"color: rgb(0, 0, 0); font-weight: 400; font-size: 20px; font-family: &quot;Quattrocento Sans&quot;, sans-serif;\">&nbsp;<\/span>\n                      <br><span style=\"color: rgb(0, 0, 0); font-weight: 400; font-size: 20px; font-family: &quot;Quattrocento Sans&quot;, sans-serif;\">Pak uldt\u00f8j, garn og lignende, der ikke bruges j\u00e6vnligt eller gemmes v\u00e6k om sommeren, i fuldst\u00e6ndig t\u00e6tte plastikposer (s\u00f8rg for, at t\u00f8jet er frit for m\u00f8l, inden det pakkes v\u00e6k). Snavset t\u00f8j tiltr\u00e6kker visse m\u00f8l, s\u00e5 vask altid dit t\u00f8j, f\u00f8r du pakker det v\u00e6k.<\/span>\n                      <br><span style=\"color: rgb(0, 0, 0); font-weight: 400; font-size: 20px; font-family: &quot;Quattrocento Sans&quot;, sans-serif;\">Er t\u00f8jet angrebet, skal det enten vaskes i vaskemaskinen eller sendes en tur til kemisk rens. Tre d\u00f8gn i fryseren ved \u00f718\u00b0C f\u00e5r ogs\u00e5 bugt med b\u00e5de \u00e6g og larver. Er det store gulvt\u00e6pper eller m\u00f8bler, der er angrebet, skal de f\u00f8rst og fremmest st\u00f8vsuges grundigt \u2013 ogs\u00e5 p\u00e5 undersiden. S\u00e6rligt udsatte m\u00f8bler og t\u00e6pper kan behandles forebyggende med flydende m\u00f8lmiddel, der indeholder stoffet permethrin. Se listen over de godkendte midler med permethrin p\u00e5 Milj\u00f8styrelsens hjemmeside mst.dk<\/span><\/p>\n                  <\/div>\n                <\/div>\n              <\/div>\n            <\/div>\n          <\/div>\n        <\/div>\n      <\/div>\n    <\/div>\n  <\/div>\n<\/div>","protected":false},"excerpt":{"rendered":"<p>Kendetegn Kl\u00e6dem\u00f8l, kaldes ogs\u00e5 for tekstilm\u00f8l, er guld- eller kobberfarvede og er mellem 6-8 mm lange som voksne. De har et vingefang p\u00e5 8-10 mm og str\u00e5farvede vinger uden markeringer. Larverne er cremehvide med m\u00f8rkt hoved, og kan blive op til 8-10 mm lange. Biologi&nbsp; Hvis du opdager at du har huller i dit t\u00f8j [&hellip;]<\/p>\n","protected":false},"author":1,"featured_media":0,"parent":0,"menu_order":0,"comment_status":"closed","ping_status":"closed","template":"page-templates\/full-width-page.php","meta":{"footnotes":""},"class_list":["post-405","page","type-page","status-publish","hentry"],"_links":{"self":[{"href":"https:\/\/hjss.mit-hosting01.dk\/index.php\/wp-json\/wp\/v2\/pages\/405","targetHints":{"allow":["GET"]}}],"collection":[{"href":"https:\/\/hjss.mit-hosting01.dk\/index.php\/wp-json\/wp\/v2\/pages"}],"about":[{"href":"https:\/\/hjss.mit-hosting01.dk\/index.php\/wp-json\/wp\/v2\/types\/page"}],"author":[{"embeddable":true,"href":"https:\/\/hjss.mit-hosting01.dk\/index.php\/wp-json\/wp\/v2\/users\/1"}],"replies":[{"embeddable":true,"href":"https:\/\/hjss.mit-hosting01.dk\/index.php\/wp-json\/wp\/v2\/comments?post=405"}],"version-history":[{"count":2,"href":"https:\/\/hjss.mit-hosting01.dk\/index.php\/wp-json\/wp\/v2\/pages\/405\/revisions"}],"predecessor-version":[{"id":609,"href":"https:\/\/hjss.mit-hosting01.dk\/index.php\/wp-json\/wp\/v2\/pages\/405\/revisions\/609"}],"wp:attachment":[{"href":"https:\/\/hjss.mit-hosting01.dk\/index.php\/wp-json\/wp\/v2\/media?parent=405"}],"curies":[{"name":"wp","href":"https:\/\/api.w.org\/{rel}","templated":true}]}}