{"id":411,"date":"2024-10-24T11:47:04","date_gmt":"2024-10-24T11:47:04","guid":{"rendered":"https:\/\/hjss.mit-hosting01.dk\/?page_id=411"},"modified":"2024-10-24T13:15:14","modified_gmt":"2024-10-24T13:15:14","slug":"vaeggelus","status":"publish","type":"page","link":"https:\/\/hjss.mit-hosting01.dk\/index.php\/vaeggelus\/","title":{"rendered":"V\u00e6ggelus"},"content":{"rendered":"<div data-colibri-id=\"411-c1\" class=\"style-657 style-local-411-c1 position-relative\">\n  <!---->\n  <div data-colibri-component=\"section\" data-colibri-id=\"411-c2\" id=\"custom\" class=\"h-section h-section-global-spacing d-flex align-items-lg-start align-items-md-start align-items-start style-658 style-local-411-c2 position-relative\">\n    <!---->\n    <!---->\n    <div class=\"h-section-grid-container h-section-boxed-container\">\n      <!---->\n      <div data-colibri-id=\"411-c5\" class=\"h-row-container gutters-row-lg-2 gutters-row-md-2 gutters-row-0 gutters-row-v-lg-2 gutters-row-v-md-2 gutters-row-v-2 style-661 style-local-411-c5 position-relative\">\n        <!---->\n        <div class=\"h-row justify-content-lg-center justify-content-md-center justify-content-center align-items-lg-stretch align-items-md-stretch align-items-stretch gutters-col-lg-2 gutters-col-md-2 gutters-col-0 gutters-col-v-lg-2 gutters-col-v-md-2 gutters-col-v-2\">\n          <!---->\n          <div class=\"h-column h-column-container d-flex h-col-lg-auto h-col-md-auto h-col-auto style-662-outer style-local-411-c6-outer\">\n            <div data-colibri-id=\"411-c6\" class=\"d-flex h-flex-basis h-column__inner h-px-lg-2 h-px-md-2 h-px-2 v-inner-lg-2 v-inner-md-2 v-inner-2 style-662 style-local-411-c6 position-relative\">\n              <!---->\n              <!---->\n              <div class=\"w-100 h-y-container h-column__content h-column__v-align flex-basis-100 align-self-lg-start align-self-md-start align-self-start\">\n                <!---->\n                <div data-colibri-id=\"411-c7\" class=\"page-title style-663 style-local-411-c7 position-relative h-element\">\n                  <!---->\n                  <div class=\"h-page-title__outer style-663-outer style-local-411-c7-outer\">\n                    <div class=\"h-global-transition-all\"><span><h1 style='margin-bottom:0'>V\u00e6ggelus<\/h1><\/span><\/div>\n                  <\/div>\n                <\/div>\n              <\/div>\n            <\/div>\n          <\/div>\n        <\/div>\n      <\/div>\n      <div data-colibri-id=\"411-c3\" class=\"h-row-container gutters-row-lg-2 gutters-row-md-2 gutters-row-0 gutters-row-v-lg-2 gutters-row-v-md-2 gutters-row-v-2 style-659 style-local-411-c3 position-relative\">\n        <!---->\n        <div class=\"h-row justify-content-lg-center justify-content-md-center justify-content-center align-items-lg-stretch align-items-md-stretch align-items-stretch gutters-col-lg-2 gutters-col-md-2 gutters-col-0 gutters-col-v-lg-2 gutters-col-v-md-2 gutters-col-v-2\">\n          <!---->\n          <div class=\"h-column h-column-container d-flex h-col-lg-auto h-col-md-auto h-col-auto style-660-outer style-local-411-c4-outer\">\n            <div data-colibri-id=\"411-c4\" class=\"d-flex h-flex-basis h-column__inner h-px-lg-2 h-px-md-2 h-px-2 v-inner-lg-2 v-inner-md-2 v-inner-2 style-660 style-local-411-c4 position-relative\">\n              <!---->\n              <!---->\n              <div class=\"w-100 h-y-container h-column__content h-column__v-align flex-basis-100 align-self-lg-start align-self-md-start align-self-start\">\n                <!---->\n                <div data-colibri-id=\"411-c8\" class=\"h-text h-text-component style-664 style-local-411-c8 position-relative h-element\">\n                  <!---->\n                  <!---->\n                  <div class=\"\">\n                    <p><span style=\"font-weight: 400; font-size: large; font-family: &quot;Quattrocento Sans&quot;, sans-serif; color: rgb(42, 42, 42);\">V\u00e6ggelus er en st\u00f8rre og st\u00f8rre plage i de danske hjem. Den stammer fra syden sol og kommer med hjem i baggagen. Den stor trives p\u00e5 hoteller og derfor er det vigtigt at de bliver bek\u00e6mpet. De kravler lags r\u00f8r i mellem v\u00e6relser og lejligheder og kravler op i sengen.&nbsp;<\/span>\n                      <br>\n                      <br><span style=\"font-weight: 400; font-size: large; font-family: &quot;Quattrocento Sans&quot;, sans-serif; color: rgb(42, 42, 42);\">Om natten kommer de frem hvor de bider i huden p\u00e5 mennesker for at f\u00e5 blod. S\u00e5 oplever i r\u00f8de prikker, s\u00e5 kan det v\u00e6re v\u00e6ggelus i sengen.&nbsp;<\/span>\n                      <br><span style=\"font-weight: 400; font-size: large; font-family: &quot;Quattrocento Sans&quot;, sans-serif; color: rgb(42, 42, 42);\">Der skal bek\u00e6mpes med gift i rummene som er inficeret. N\u00e5r bek\u00e6mpelsen er overst\u00e5et kan sengene benene s\u00e6ttes i en speciel sk\u00e5l som v\u00e6ggelusen ikke kan komme videre fra.<\/span><\/p>\n                  <\/div>\n                <\/div>\n              <\/div>\n            <\/div>\n          <\/div>\n        <\/div>\n      <\/div>\n    <\/div>\n  <\/div>\n<\/div>","protected":false},"excerpt":{"rendered":"<p>V\u00e6ggelus er en st\u00f8rre og st\u00f8rre plage i de danske hjem. Den stammer fra syden sol og kommer med hjem i baggagen. Den stor trives p\u00e5 hoteller og derfor er det vigtigt at de bliver bek\u00e6mpet. De kravler lags r\u00f8r i mellem v\u00e6relser og lejligheder og kravler op i sengen.&nbsp; Om natten kommer de frem [&hellip;]<\/p>\n","protected":false},"author":1,"featured_media":0,"parent":0,"menu_order":0,"comment_status":"closed","ping_status":"closed","template":"page-templates\/full-width-page.php","meta":{"footnotes":""},"class_list":["post-411","page","type-page","status-publish","hentry"],"_links":{"self":[{"href":"https:\/\/hjss.mit-hosting01.dk\/index.php\/wp-json\/wp\/v2\/pages\/411","targetHints":{"allow":["GET"]}}],"collection":[{"href":"https:\/\/hjss.mit-hosting01.dk\/index.php\/wp-json\/wp\/v2\/pages"}],"about":[{"href":"https:\/\/hjss.mit-hosting01.dk\/index.php\/wp-json\/wp\/v2\/types\/page"}],"author":[{"embeddable":true,"href":"https:\/\/hjss.mit-hosting01.dk\/index.php\/wp-json\/wp\/v2\/users\/1"}],"replies":[{"embeddable":true,"href":"https:\/\/hjss.mit-hosting01.dk\/index.php\/wp-json\/wp\/v2\/comments?post=411"}],"version-history":[{"count":2,"href":"https:\/\/hjss.mit-hosting01.dk\/index.php\/wp-json\/wp\/v2\/pages\/411\/revisions"}],"predecessor-version":[{"id":631,"href":"https:\/\/hjss.mit-hosting01.dk\/index.php\/wp-json\/wp\/v2\/pages\/411\/revisions\/631"}],"wp:attachment":[{"href":"https:\/\/hjss.mit-hosting01.dk\/index.php\/wp-json\/wp\/v2\/media?parent=411"}],"curies":[{"name":"wp","href":"https:\/\/api.w.org\/{rel}","templated":true}]}}